ime factors of 43866 + 25 - ((-6 - -12) + -6).
43891
Let m(x) = -772*x + 2891. What are the prime factors of m(-39)?
32999
Let d(p) = 124*p - 100. Let g = -178 + 180. List the prime factors of d(g).
2, 37
Let s = 123 + -111. Suppose 0 = -0*l - 3*l + 5*d + 342, 0 = 4*d + s. List the prime factors of l.
109
Let t = -1175 + 3172. Suppose -3*w + t + 1171 = 0. List the prime factors of w.
2, 3, 11
Let j(n) be the first derivative of -n**4/2 - 7*n**3/3 + 15*n**2/2 + 7*n - 82. What are the prime factors of j(-7)?
5, 7
Let t(a) = 3*a + 21. Suppose -7*g + 58 = -173. Suppose 23 = 7*l - g. What are the prime factors of t(l)?
3, 5
Suppose 4*a - 3*z = 3911, 3*a - 4*z - 2926 = -9*z. Let k = a + -178. List the prime factors of k.
17, 47
Let y(w) = -w**3 + 30*w**2 - 21*w. List the prime factors of y(21).
2, 3, 7
Let c(r) = -r**3 + 25*r**2 - 13*r - 39. Let f(u) = u**3 - 26*u**2 + 12*u + 40. Let v(i) = 7*c(i) + 6*f(i). List the prime factors of v(16).
431
Suppose -1059*o = -1044*o - 35565. List the prime factors of o.
2371
Let o = -288 + 788. Suppose 3*w = -r + 110, -5*r + o = -0*w + 5*w. List the prime factors of r.
5, 19
Suppose 0 = 4*a + 3*s - 37, 7*a - 48 = 2*a - 2*s. List the prime factors of (-8)/a*(-15)/(-3) - -390.
2, 193
Let h be 5/(10/52) - (-1 - -1). Suppose 1 = -5*f + h. Suppose j + 100 = f*j. List the prime factors of j.
5
Let k(v) = 157*v - 131. Suppose 36*n + 2 = 110. What are the prime factors of k(n)?
2, 5, 17
Let y = 27 + -39. Let a(s) = -s + 1. Let u(l) = -11*l + 1. Let b(k) = -4*a(k) + u(k). What are the prime factors of b(y)?
3
Suppose 111*j + 44281 = 118*j - 11082. What are the prime factors of j?
11, 719
Let z = 114 - -228. Suppose 293 = 5*p - z. What are the prime factors of p?
127
Suppose 0 = -114*v + 123*v - 16245. Suppose -27*r = -32*r + v. What are the prime factors of r?
19
Let h(v) = 11*v**2 + 26*v + 612. List the prime factors of h(-17).
17, 197
Suppose 78*m - 1471933 = 236111. List the prime factors of m.
2, 10949
Suppose 17*g - 71*g + 500850 = 0. List the prime factors of g.
5, 7, 53
Suppose 7*w = 6*w + 2. Suppose -3*r + 16 = -w. Suppose h = -h + r, 0 = 4*u - h - 73. What are the prime factors of u?
19
Suppose 0 = -5*a + 3*s - 42, -5*a + 4*s - 21 - 25 = 0. List the prime factors of (-54)/(-8) - a/(-8).
2, 3
Suppose -5*l + 20 + 15 = 0. Suppose -l*i + 18 = -24. What are the prime factors of (10/4 + -1)*188/i?
47
Let i = 192 + 88. Suppose 0 = 4*w + i - 984. What are the prime factors of w?
2, 11
Suppose 0 = 52*p - 54*p. Suppose p = -w - 5*k + 22 - 5, w - k - 41 = 0. Let u = 69 - w. List the prime factors of u.
2
Suppose -42 = -4*j + 3*f + 30, -3*f + 96 = 4*j. Let w(v) = -715*v - 3582. Let n be w(-6). Suppose 25*a = j*a + n. List the prime factors of a.
3, 59
Suppose 51 = -5*j - 4. Let k = j - -8. List the prime factors of k/(0 + 3)*-17.
17
Suppose 100*p = 8*p + 460. Let g(z) = -z**3 + z**2 - z + 2. Let a be g(0). Suppose p*j = a*k + k - 547, 3*k - j - 527 = 0. List the prime factors of k.
2, 3, 29
Suppose -75*p + 77*p = 3*n + 97892, 0 = 2*n - 12. What are the prime factors of p?
5, 9791
Let z = 4320 - 895. List the prime factors of z.
5, 137
What are the prime factors of (-10122)/(-7) + 5 + 5/(-1)?
2, 3, 241
List the prime factors of (385198/(-22))/((1 + -2)*(0 - -1)).
17509
Let z(v) = 3471*v + 117. Let j be z(3). Suppose 0 = -25*t - 2*t + j. What are the prime factors of t?
2, 3, 5, 13
Suppose -9367 - 20099 = -9*i. List the prime factors of i.
2, 1637
Let i be (-9)/(7 - 11 - (-115617)/28905). Suppose 58*u - i = 11*u. List the prime factors of u.
3, 5, 41
Let b = -418 + 230. Let y = b + 621. What are the prime factors of y?
433
Let f(z) = z**2 - 7*z - 26. Let r be f(10). Let v(d) = 53*d**2 + 8*d. What are the prime factors of v(r)?
2, 5, 11
Let b = 18808 - 11817. What are the prime factors of b?
6991
Let d = 438 - 433. Suppose -9550 = -15*k + d*k. List the prime factors of k.
5, 191
Suppose 15*q - 23*q = -3680. Suppose -5*h + 1111 = -5*a - 1169, -h + 2*a = -q. List the prime factors of h.
2, 113
Let s = 853 - 831. Suppose 13300 + 15938 = s*w. List the prime factors of w.
3, 443
Let j = 10424 + -4518. Suppose 21*k - 20627 = -j. What are the prime factors of k?
701
Let f(x) = x**2 - 2*x + 20. Let n be f(9). Suppose 2*b + 0*b = g - n, -3*b = g - 63. List the prime factors of (-6)/10 - (-4470)/g.
59
Suppose 0 = -3*o - o - l - 250, 2*o + 3*l + 130 = 0. Let u = o + 52. Let s(y) = -8*y + 21. What are the prime factors of s(u)?
101
Let v(g) = -2*g**3 + 2*g**2 - 2*g + 2. Let n be v(2). Let b be n*(-25)/10*(-1)/(-5). Suppose -331 = -4*y + b. List the prime factors of y.
2, 3, 7
Let y = 1 - 1. Suppose -3338 = -3*n + 5*o, n - 508 = o + 606. Suppose y*k + n = 9*k. What are the prime factors of k?
2, 31
Let x(z) = z + 6. Let k be x(-3). Suppose 9 = -5*r + k*r - o, -13 = -r + 3*o. Let m(t) = -26*t**3 + 4*t**2 + 6*t + 6. List the prime factors of m(r).
2, 109
Let i(h) = 769*h + 1644. List the prime factors of i(50).
2, 20047
Let y be 3*1*(1 - 26). Let v = y + 78. Suppose r - 50 = q + 132, -q - v = 0. List the prime factors of r.
179
Let c(u) = 84*u + 242. What are the prime factors of c(27)?
2, 5, 251
Suppose 0 = -13*p - 4945 + 14136. Let u = -402 + p. What are the prime factors of u?
5, 61
Suppose 4*g + 4*h = 4, 2*g + 3 = h - 7. Let m(n) = -50*n - 69. What are the prime factors of m(g)?
3
Let x = -66 - -75. Suppose -5*n = -4*k + 11, 5*k - x = -5*n + 16. Let w(l) = 3*l**3 - 2*l. What are the prime factors of w(k)?
2, 23
Let f = 27 - 22. Suppose -i + 2*a + 30 = -16, 0 = -4*i - f*a + 210. List the prime factors of -63*5/6*(-20)/i.
3, 7
Let x be (114/(-2))/(3/9). Suppose -5*h = -3*d + 1975 + 283, -4*h - 3*d - 1774 = 0. Let y = x - h. What are the prime factors of y?
277
Let v = 138 - 1. Let z = v + -29. Suppose -z - 36 = -4*m. What are the prime factors of m?
2, 3
Suppose 2*h = 4*x - 0*x - 108, 3*h + 5*x + 118 = 0. Let u = 49 + h. Suppose -193 = -u*d - 58. List the prime factors of d.
3, 5
What are the prime factors of (12 - 15)*(10046/(-6) - (-23 - -22))?
2, 5, 251
List the prime factors of 781 - (4 + 8) - 8.
761
Let w(u) = 435*u**2 - 3*u - 2. Let x be w(-1). Let h = x - 309. List the prime factors of h.
127
Suppose -1465 = -2*m - 517. Let x = m + -401. What are the prime factors of x?
73
Let c be (3 + -2)/((33/48)/11). Suppose 19 = 7*a - c. Suppose -7*i = -a*i - 282. What are the prime factors of i?
3, 47
Suppose 10*w - 8*w + 12126 = i, 3*w + 9 = 0. List the prime factors of i.
2, 3, 5, 101
Let c(d) = -5*d**3 - d**2 - 2*d - 3. Let q be (-2)/6*-6 - 2. Suppose q*u - u = 3. List the prime factors of c(u).
3, 43
Let p = -9473 - -21076. What are the prime factors of p?
41, 283
Let u(x) = -4081*x - 6101. List the prime factors of u(-17).
2, 3, 5273
Let x be -2*(2 - 1) + 3. Let r be (1/2)/(1/2) - x. Suppose -17*h + 18*h - 24 = r. List the prime factors of h.
2, 3
Let q(j) = 9*j**2 - 9 - j**3 - 2*j - j**3 - 5*j + 3*j**3. Let t = 501 + -508. List the prime factors of q(t).
2, 3, 23
Let i(l) = 134*l + 4. Let p be i(5). Suppose -p = -9*t + 172. What are the prime factors of t?
2, 47
Let z = -2381 - -2417. Let b be -1 + -9 + (-2 - -3). Let t = z - b. List the prime factors of t.
3, 5
Suppose 3*s = d + 3*d + 28506, -2*d = -4*s + 37998. List the prime factors of s.
2, 3, 1583
Let w(f) = -f**3 + 4*f**2 - 13*f + 15. Let b be w(9). Let c = 1100 + b. Suppose 3*h - 5*u - 660 = 0, -55 = -3*h + u + c. What are the prime factors of h?
5, 43
Suppose -1252 = -5*j + 3453. Suppose -j = 5*q - 51. Let y = q + 310. List the prime factors of y.
2, 3, 11
Suppose -5*c + 304 - 229 = 0. List the prime factors of 3522/c - (2/(-10) + 0).
5, 47
Suppose 20*s = 15*s + 450. List the prime factors of (-8)/6 - (-90930)/s.
1009
Let c(f) = 13*f**2 + f + 2. Let r be c(2). Suppose 4*s + 58 = b, -4*s - r = 4*b - 228. Suppose b*g - 28 = 42*g. List the prime factors of g.
7
Let o = -80 + 117. Suppose 0 = -4*u + o + 43. List the prime factors of u/5*1 - -13.
17
What are the prime factors of 1*120*(-336)/(-32)*(-2754)/(-63)?
2, 3, 5, 17
Suppose -2*d + 4*z - z = -1345, 4*z + 1340 = 2*d. Suppose 3*h = h + d. Suppose -3*g - h = -5*g. What are the prime factors of g?
2, 5, 17
Suppose -90*t - 20727 = -111*t. Let s = t - 179. What are the prime factors of s?
2, 101
Suppose -r = 2*a - 6820, 0 = r + 1